09 a composite number?
False
Is 17029575887 a prime number?
False
Is 409776071 a composite number?
False
Is 32682400811 a composite number?
False
Is 269663221 a composite number?
False
Is 1498433217 prime?
False
Is 2542077756239 a prime number?
False
Is 6702666311 prime?
False
Is 96801193 a composite number?
False
Is 1877067793 a prime number?
True
Is 14750375803 a composite number?
True
Is 179537959 composite?
False
Is 25027579417 prime?
False
Is 1486488911 a composite number?
True
Is 52955834653 prime?
True
Is 5277719839 composite?
True
Is 6651399499 composite?
True
Is 203219827 a composite number?
True
Is 236021119 composite?
True
Is 5928830337 prime?
False
Is 412953587 a prime number?
False
Is 3883522751 composite?
False
Is 526098577 a composite number?
False
Is 27169921991 prime?
True
Is 45710051 prime?
False
Is 3708722987 composite?
False
Is 1304107063 a composite number?
True
Is 1193780699 composite?
True
Is 5924953231 composite?
True
Is 942812545 prime?
False
Is 194895411917 composite?
False
Is 67328480509 composite?
True
Is 112569001 composite?
True
Is 5849408363 prime?
False
Is 1924326299 composite?
True
Is 452123597 a composite number?
True
Is 4576331977 composite?
True
Is 1385134766 prime?
False
Is 891298787 a prime number?
True
Is 1234711469 composite?
False
Is 6986599409 prime?
False
Is 162352335389 prime?
False
Is 1386206311 a composite number?
True
Is 2283632497 composite?
False
Is 136989283 a composite number?
False
Is 4967174521 prime?
False
Is 1303533521 a prime number?
False
Is 29392701209 a prime number?
False
Is 68227685 prime?
False
Is 943586191 composite?
True
Is 2293326253 a composite number?
False
Is 1277685385 composite?
True
Is 12493604373 composite?
True
Is 1267346863 composite?
True
Is 1111355501 prime?
False
Is 96376132679 a composite number?
False
Is 2419432153 prime?
False
Is 41035738907 a composite number?
True
Is 8673660451 composite?
True
Is 12488045495 a prime number?
False
Is 11176416203 composite?
True
Is 181066267 prime?
True
Is 407791847 prime?
True
Is 142624348763 composite?
True
Is 12052830407 a composite number?
True
Is 6745158113 composite?
False
Is 2979312103 a prime number?
True
Is 16847443597 prime?
False
Is 18562727251 composite?
True
Is 958117117 composite?
False
Is 397652647 composite?
True
Is 358099009 prime?
True
Is 21140913154 a prime number?
False
Is 72166841 composite?
False
Is 4990270429 a composite number?
True
Is 57074321821 a prime number?
False
Is 54064442041 composite?
False
Is 786189431 a prime number?
False
Is 17877285791 composite?
True
Is 72566981 a composite number?
False
Is 303593651 composite?
True
Is 3861182971 prime?
True
Is 3144780901 a prime number?
True
Is 5097137 prime?
True
Is 20562418847 composite?
False
Is 244743268801 composite?
True
Is 1101320881 prime?
True
Is 142079351 prime?
True
Is 141353231 composite?
False
Is 41599203013 composite?
False
Is 5218400731 composite?
False
Is 3226742801 prime?
True
Is 1605471767 prime?
True
Is 21643716847 a composite number?
False
Is 46820521483 a composite number?
False
Is 1459471457 composite?
False
Is 3806427461 a prime number?
False
Is 2251276261 a prime number?
False
Is 14707103309 prime?
True
Is 12816849677 a prime number?
True
Is 382243783 a prime number?
False
Is 155963352877 composite?
False
Is 2278214177 a prime number?
True
Is 7288645909 prime?
False
Is 583499341 a prime number?
False
Is 2369275351 composite?
True
Is 1186349707 a prime number?
False
Is 170333753 prime?
False
Is 1766219513 a composite number?
True
Is 12853289371 composite?
True
Is 1993106623 prime?
True
Is 4603428293 a composite number?
True
Is 863535773 a composite number?
False
Is 7387227077 composite?
False
Is 65780299217 composite?
True
Is 23237789027 a prime number?
False
Is 57622819679 composite?
False
Is 1746579641 a prime number?
False
Is 47888592191 prime?
False
Is 48302016589 a prime number?
True
Is 14589528037 composite?
True
Is 134416453 composite?
False
Is 1168648997 composite?
True
Is 8858198263 a composite number?
False
Is 1639986017 a prime number?
False
Is 20532446851 composite?
True
Is 31021242073 a composite number?
False
Is 11725239551 a composite number?
False
Is 2252274107 a prime number?
False
Is 2802155177 a prime number?
False
Is 1340416933 prime?
True
Is 1984743853 a composite number?
True
Is 673255529 a composite number?
True
Is 12980778241 composite?
False
Is 5235848291 composite?
False
Is 15887618489 a prime number?
True
Is 524114371 composite?
True
Is 1550766577 a composite number?
True
Is 146216549933 a composite number?
True
Is 1810924727 a prime number?
True
Is 294043627 a composite number?
False
Is 24251875667 prime?
True
Is 5334282887 a prime number?
False
Is 21491413523 composite?
False
Is 1049111663 prime?
True
Is 4067903521 prime?
False
Is 226348559 a composite number?
False
Is 66829733 prime?
False
Is 423129787 a prime number?
True
Is 189774386 composite?
True
Is 2383963987 a prime number?
True
Is 1943877979 prime?
False
Is 4571402203 prime?
True
Is 12535216841 a composite number?
True
Is 140404998157 a composite number?
False
Is 945280969 a prime number?
True
Is 32705854901 a prime number?
False
Is 15298320287 a composite number?
False
Is 3649673129 a composite number?
True
Is 361293929 a prime number?
True
Is 826169 prime?
True
Is 26063273 a composite number?
False
Is 3082283671 a prime number?
False
Is 7753110373 composite?
True
Is 14537843839 a composite number?
False
Is 13342468063 composite?
False
Is 797691385 a composite number?
True
Is 18193277747 a prime number?
True
Is 8088768515 a composite number?
True
Is 1047885781 a composite number?
False
Is 4192748635 a prime number?
False
Is 1307088138211 composite?
False
Is 488040919 a prime number?
False
Is 115131923663 a composite number?
False
Is 3717053231 a composite number?
False
Is 36249158013 composite?
True
Is 395354579 a composite number?
True
Is 80009177 prime?
True
Is 352966778113 composite?
True
Is 9272588999 a composite number?
True
Is 129326594671 a composite number?
False
Is 5784429437 prime?
True
Is 2634189499 a prime number?
True
Is 40327033 composite?
False
Is 98099846809 composite?
False
Is 167368991 prime?
False
Is 35785977407 composite?
False
Is 415462691 prime?
False
Is 2429570053 prime?
True
Is 29127470143 prime?
True
Is 30192135031 a prime number?
False
Is 7252062031 a composite number?
False
Is 4779240593 prime?
True
Is 3502688213 a prime number?
False
Is 6836523751 prime?
False
Is 6718199941 a prime number?
True
Is 105331867 composite?
True
Is 29110189 prime?
True
Is 286579631 composite?
True
Is 5882343787 a prime number?
True
Is 648257942 a prime number?
False
Is 4027978133 a composite number?
False
Is 104407498363 a composite number?
True
Is 3243186619 a composite number?
True
Is 7732018733 a prime number?
False
Is 3577826039 a prime number?
False
Is 32885232959 composite?
False
Is 641492699 prime?
True
Is 62991235421 a prime number?
True
Is 24770196257 a composite number?
False
Is 215435453 a composite number?
False
Is 13770486902 prime?
False
Is 1768759613 composite?
True
Is 345605413 composite?
False
Is 123328999349 prime?
True
Is 362758637 a composite number?
False
Is 825267602 a prime number?
False
Is 12771298373 a composite number?
True
Is 187436933 a composite number?
False
Is 43360757 prime?
False
Is 3441919883 prime?
False
Is 113891 a prime number?
True
Is 1354321691 a prime number?
False
Is 3433655977 a composite number?
True
Is 2341309093 composite?
False
Is 13384947853 prime?
True
Is 3241971401 composite?
True
Is 4187204789 composite?
True
Is 8954745609 composite?
True
Is 781885963 prime?
True
Is 1973948201 a composite number?
True
Is 1942095746 a composite number?
True
Is 1304681777 composite?
True
Is 2859224363 prime?
True
Is 2990931239 prime?
False
Is 1952116123 prime?
True
Is 291533111 prime?
True
Is 11158888073 prime?
True
Is 48006151511 composite?
True
Is 13851042133 a prime number?
False
Is 44739087661 composite?
True
Is 72211055233 composite?
True
Is 21168105451 prime?
True
Is 1999606709 prime?
True
Is 114644771 prime?
True
Is 399732223 a prime number?
False
Is 125566541 a prime number?
True
Is 2339294527 prime?
False
Is 5297033447 prime?
False
Is 20569921 prime?
False
Is 5517101773 prime?
True
Is 87202352893 a 